{"id":1455,"date":"2020-08-24T15:43:04","date_gmt":"2020-08-24T15:43:04","guid":{"rendered":"https:\/\/turismosentidos.com.ar\/web\/?post_type=itineraries&#038;p=1455"},"modified":"2020-08-24T15:43:04","modified_gmt":"2020-08-24T15:43:04","slug":"las-grutas-tarifas-hoteleria","status":"publish","type":"itineraries","link":"https:\/\/turismosentidos.com.ar\/web\/itinerary\/las-grutas-tarifas-hoteleria\/","title":{"rendered":"Las Grutas &#8211; Tarifas Hoteler\u00eda"},"excerpt":{"rendered":"<p>Tarifas por Habitaci\u00f3n por Noche con r\u00e9gimen seg\u00fan se indica. Sujeto a disponibilidad y modificaci\u00f3n sin previo aviso. &nbsp; HOTEL MAREAS \u2013 El&#8230;<\/p>\n","protected":false},"featured_media":1456,"comment_status":"closed","ping_status":"closed","template":"","meta":{"site-sidebar-layout":"default","site-content-layout":"default","ast-site-content-layout":"default","site-content-style":"default","site-sidebar-style":"default","ast-global-header-display":"","ast-banner-title-visibility":"","ast-main-header-display":"","ast-hfb-above-header-display":"","ast-hfb-below-header-display":"","ast-hfb-mobile-header-display":"","site-post-title":"","ast-breadcrumbs-content":"","ast-featured-img":"","footer-sml-layout":"","ast-disable-related-posts":"","theme-transparent-header-meta":"default","adv-header-id-meta":"","stick-header-meta":"","header-above-stick-meta":"","header-main-stick-meta":"","header-below-stick-meta":"","astra-migrate-meta-layouts":"default","ast-page-background-enabled":"default","ast-page-background-meta":{"desktop":{"background-color":"var(--ast-global-color-4)","background-image":"","background-repeat":"repeat","background-position":"center center","background-size":"auto","background-attachment":"scroll","background-type":"","background-media":"","overlay-type":"","overlay-color":"","overlay-opacity":"","overlay-gradient":""},"tablet":{"background-color":"","background-image":"","background-repeat":"repeat","background-position":"center center","background-size":"auto","background-attachment":"scroll","background-type":"","background-media":"","overlay-type":"","overlay-color":"","overlay-opacity":"","overlay-gradient":""},"mobile":{"background-color":"","background-image":"","background-repeat":"repeat","background-position":"center center","background-size":"auto","background-attachment":"scroll","background-type":"","background-media":"","overlay-type":"","overlay-color":"","overlay-opacity":"","overlay-gradient":""}},"ast-content-background-meta":{"desktop":{"background-color":"var(--ast-global-color-5)","background-image":"","background-repeat":"repeat","background-position":"center center","background-size":"auto","background-attachment":"scroll","background-type":"","background-media":"","overlay-type":"","overlay-color":"","overlay-opacity":"","overlay-gradient":""},"tablet":{"background-color":"var(--ast-global-color-5)","background-image":"","background-repeat":"repeat","background-position":"center center","background-size":"auto","background-attachment":"scroll","background-type":"","background-media":"","overlay-type":"","overlay-color":"","overlay-opacity":"","overlay-gradient":""},"mobile":{"background-color":"var(--ast-global-color-5)","background-image":"","background-repeat":"repeat","background-position":"center center","background-size":"auto","background-attachment":"scroll","background-type":"","background-media":"","overlay-type":"","overlay-color":"","overlay-opacity":"","overlay-gradient":""}},"wp_travel_lat":"","wp_travel_lng":"","wp_travel_trip_map_use_lat_lng":"","wp_travel_location":"","wp_travel_overview":" ","wp_travel_outline":"","wp_travel_trip_include":"","wp_travel_trip_exclude":""},"post_ciudad_bra":[],"post_ciudad_urg":[],"post_ciudad_arg":[145],"post_hotel_arg":[218,424],"post_hotel_bra":[],"post_hotel_urg":[],"post_paq_arg":[],"post_paq_ori":[],"post_paq_per":[296,295,294],"post_paq_tra":[],"post_paq_no":[341,342,343,344,345],"itinerary_types":[340,339,338,330],"travel_locations":[],"travel_keywords":[],"activity":[],"class_list":["post-1455","itineraries","type-itineraries","status-publish","has-post-thumbnail","hentry","post_ciudad_arg-las-grutas","post_hotel_arg-hotel-mareas","post_hotel_arg-posada-de-los-robles","post_paq_per-fin-de-semana-largos","post_paq_per-temporada-baja","post_paq_per-vacaciones-de-verano","post_paq_no-1-noche","post_paq_no-2-noches","post_paq_no-3-noches","post_paq_no-4-noches","post_paq_no-5-noches","itinerary_types-1-persona","itinerary_types-2-personas","itinerary_types-3-personas","itinerary_types-4-personas"],"_links":{"self":[{"href":"https:\/\/turismosentidos.com.ar\/web\/wp-json\/wp\/v2\/itineraries\/1455","targetHints":{"allow":["GET"]}}],"collection":[{"href":"https:\/\/turismosentidos.com.ar\/web\/wp-json\/wp\/v2\/itineraries"}],"about":[{"href":"https:\/\/turismosentidos.com.ar\/web\/wp-json\/wp\/v2\/types\/itineraries"}],"replies":[{"embeddable":true,"href":"https:\/\/turismosentidos.com.ar\/web\/wp-json\/wp\/v2\/comments?post=1455"}],"version-history":[{"count":0,"href":"https:\/\/turismosentidos.com.ar\/web\/wp-json\/wp\/v2\/itineraries\/1455\/revisions"}],"wp:featuredmedia":[{"embeddable":true,"href":"https:\/\/turismosentidos.com.ar\/web\/wp-json\/wp\/v2\/media\/1456"}],"wp:attachment":[{"href":"https:\/\/turismosentidos.com.ar\/web\/wp-json\/wp\/v2\/media?parent=1455"}],"wp:term":[{"taxonomy":"post_ciudad_bra","embeddable":true,"href":"https:\/\/turismosentidos.com.ar\/web\/wp-json\/wp\/v2\/post_ciudad_bra?post=1455"},{"taxonomy":"post_ciudad_urg","embeddable":true,"href":"https:\/\/turismosentidos.com.ar\/web\/wp-json\/wp\/v2\/post_ciudad_urg?post=1455"},{"taxonomy":"post_ciudad_arg","embeddable":true,"href":"https:\/\/turismosentidos.com.ar\/web\/wp-json\/wp\/v2\/post_ciudad_arg?post=1455"},{"taxonomy":"post_hotel_arg","embeddable":true,"href":"https:\/\/turismosentidos.com.ar\/web\/wp-json\/wp\/v2\/post_hotel_arg?post=1455"},{"taxonomy":"post_hotel_bra","embeddable":true,"href":"https:\/\/turismosentidos.com.ar\/web\/wp-json\/wp\/v2\/post_hotel_bra?post=1455"},{"taxonomy":"post_hotel_urg","embeddable":true,"href":"https:\/\/turismosentidos.com.ar\/web\/wp-json\/wp\/v2\/post_hotel_urg?post=1455"},{"taxonomy":"post_paq_arg","embeddable":true,"href":"https:\/\/turismosentidos.com.ar\/web\/wp-json\/wp\/v2\/post_paq_arg?post=1455"},{"taxonomy":"post_paq_ori","embeddable":true,"href":"https:\/\/turismosentidos.com.ar\/web\/wp-json\/wp\/v2\/post_paq_ori?post=1455"},{"taxonomy":"post_paq_per","embeddable":true,"href":"https:\/\/turismosentidos.com.ar\/web\/wp-json\/wp\/v2\/post_paq_per?post=1455"},{"taxonomy":"post_paq_tra","embeddable":true,"href":"https:\/\/turismosentidos.com.ar\/web\/wp-json\/wp\/v2\/post_paq_tra?post=1455"},{"taxonomy":"post_paq_no","embeddable":true,"href":"https:\/\/turismosentidos.com.ar\/web\/wp-json\/wp\/v2\/post_paq_no?post=1455"},{"taxonomy":"itinerary_types","embeddable":true,"href":"https:\/\/turismosentidos.com.ar\/web\/wp-json\/wp\/v2\/itinerary_types?post=1455"},{"taxonomy":"travel_locations","embeddable":true,"href":"https:\/\/turismosentidos.com.ar\/web\/wp-json\/wp\/v2\/travel_locations?post=1455"},{"taxonomy":"travel_keywords","embeddable":true,"href":"https:\/\/turismosentidos.com.ar\/web\/wp-json\/wp\/v2\/travel_keywords?post=1455"},{"taxonomy":"activity","embeddable":true,"href":"https:\/\/turismosentidos.com.ar\/web\/wp-json\/wp\/v2\/activity?post=1455"}],"curies":[{"name":"wp","href":"https:\/\/api.w.org\/{rel}","templated":true}]}}

Las Grutas &#8211; Tarifas Hotelería

<p>Tarifas por Habitación por Noche con régimen según se indica. Sujeto a disponibilidad y modificación sin previo aviso. &nbsp; HOTEL MAREAS – El&#8230;</p>
