{"id":202,"date":"2019-07-05T22:34:23","date_gmt":"2019-07-05T22:34:23","guid":{"rendered":"https:\/\/turismosentidos.com.ar\/web\/?page_id=202"},"modified":"2019-07-05T22:34:24","modified_gmt":"2019-07-05T22:34:24","slug":"politica-de-privacidad","status":"publish","type":"page","link":"https:\/\/turismosentidos.com.ar\/web\/politica-de-privacidad\/","title":{"rendered":"Pol\u00edtica de privacidad"},"content":{"rendered":"<!--themify_builder_content-->\n<div id=\"themify_builder_content-202\" data-postid=\"202\" class=\"themify_builder_content themify_builder_content-202 themify_builder tf_clear\">\n                    <div  data-lazy=\"1\" class=\"module_row themify_builder_row tb_xnw4890 tb_first tf_w\">\n                        <div class=\"row_inner col_align_top tb_col_count_1 tf_box tf_rel\">\n                        <div  data-lazy=\"1\" class=\"module_column tb-column col-full tb_6pmy892 first\">\n                    <!-- module box -->\n<div  class=\"module module-box tb_z92n54 \" data-lazy=\"1\">\n<h3 class=\"module-title\">CONDICIONES GENERALES DE CONTRATACI\u00d3N<\/h3>    <div class=\"module-box-content ui  tb_default_color\">\n                <div class=\"tb_text_wrap\"><p><u><b>CONDICIONES GENERALES DE CONTRATACI\u00d3N:<\/b><\/u><\/p>\n<p><strong><u>PAGOS<\/u><\/strong>: 1) El precio y\/o reservaci\u00f3n de los servicios que componen el tour quedan sujetos a modificaciones sin previo aviso cuando se produzca una alteraci\u00f3n en los servicios. 2) Todos los importes pagados antes de la confirmaci\u00f3n definitiva de los servicios, son percibidos en concepto de reserva. B<strong><u>) LOS PRECIOS INCLUYEN<\/u><\/strong>: Los servicios indicados en cada itinerario, de acuerdo al r\u00e9gimen de comidas detallados en ellos. Cuando el Pasajero solicitare el cambio de la habitaci\u00f3n asignada, por una de categor\u00eda superior, la diferencia de precio que corresponda ser\u00e1 abonada por \u00e9ste. Todas las habitaciones son de categor\u00eda standard, excepto se especifique lo contrario en la documentaci\u00f3n emitida. Para el caso de cualquier contrataci\u00f3n de excursiones que no fuesen convenidas ni se hallaren comprendidas en el tour contratado, las mismas son por cuenta y riesgo del Pasajero al momento de contratarlas, deslind\u00e1ndose SENTIDOS (FLORENCIA DONNINI) de toda responsabilidad vinculada a la contrataci\u00f3n y\/o prestaci\u00f3n de las mismas y\/o cualquier hecho que concurra durante su ejecuci\u00f3n)<\/p>\n<p><strong><u>SERVICIOS Y OTROS RUBROS NO INCLU\u00cdDOS<\/u><\/strong>: 1) Extras, bebidas, gastos de \u00edndole personal (lavado\/planchado de ropa, propinas, exceso de equipajes, comunicaciones, etc), entradas a museos, parques nacionales, visas, tasas de embarque o de aeropuerto, tasas sobre servicios, impuestos locales de Turismo, y otros impuestos actuales y\/o futuros (IVA, DNT), pasajes a\u00e9reos, ni ning\u00fan servicio que no se encuentre expresamente indicado en la orden de servicio emitida por el agente de viajes. 2) Estad\u00edas, comidas y\/o gastos adicionales o perjuicios producidos por cancelaciones, anulaciones, demoras en las salidas o llegadas de los medios de transportes o por razones imprevistas ajenas a SENTIDOS (FLORENCIA DONNINI), siendo los gastos que se originen a cargo de los se\u00f1ores clientes; 3) Alimentaci\u00f3n en ruta. 4) Los gastos e intereses en operaciones a cr\u00e9dito y\/o tarjetas de pago. 5) Cualquier otro gasto que deba realizar el Pasajero, derivado de caso fortuito o fuerza mayor, correr\u00e1 por cuenta de \u00e9ste, sin derecho a reembolso o compensaci\u00f3n alguna. D) <strong><u>LIMITACIONES AL DERECHO DE PERMANENCIA<\/u><\/strong>: SENTIDOS (FLORENCIA DONNINI) se reserva el derecho de exclusi\u00f3n. E) <strong><u>DOCUMENTACI\u00d3N<\/u><\/strong>: Para viajes al exterior, los Pasajeros deber\u00e1n cumplimentar con la documentaci\u00f3n requerida por la legislaci\u00f3n vigente en cada caso. Se deja asentado que SENTIDOS (FLORENCIA DONNINI) ha informado al Pasajero, todo lo referente a la documentaci\u00f3n y visado necesario para el viaje que ha adquirido, y sobre las exigencias de las autoridades migratorias, aduaneras, sanitarias de los destinos que incluye el tour contratado. Siendo responsabilidad de cada Pasajero el contar con la documentaci\u00f3n necesaria y dem\u00e1s requisitos de visado y\/o de acceso al pa\u00eds de destino, SENTIDOS (FLORENCIA DONNINI) no se responsabiliza por la documentaci\u00f3n personal que faltare o por rechazo de la visa por cualquier motivo, ni por su estado o vigencia en el momento que fuera requerida por las autoridades de Migraciones intervinientes, obtenci\u00f3n de visados, etc., como asimismo tampoco lo es por las p\u00e9rdidas y\/o perjuicios que esta situaci\u00f3n le pudiese ocasionar. Se le informa que en caso que el Pasajero no pudiera viajar por estas razones, perder\u00e1 el total de los servicios contratados, sin derecho a reclamo alguno; lo mismo en caso que las autoridades de cualquier pa\u00eds rehusaren permitir la entrada del Pasajero. F) <strong><u>RESERVAS Y CANCELACIONES<\/u><\/strong>: Las reservas pueden ser canalizadas con el pago de la se\u00f1a correspondiente. 1) En caso de desistimiento de operaciones a cr\u00e9dito no tendr\u00e1n reembolso los importes en concepto de informes, gastos administrativos, sellados e intereses. 2) Cuando se trate de desistimiento que afecte a servicios contratados en firme por SENTIDOS (FLORENCIA DONNINI), el reembolso de los mismos estar\u00e1 sujeto a las condiciones contractuales bajo las cuales presten sus servicios las empresas respectivas (hoteles, transportes, etc.). 3) En todos los casos de reintegros, si correspondiere SENTIDOS (FLORENCIA DONNINI) podr\u00e1 retener en caso de cancelaci\u00f3n de los servicios contratados hasta treinta y cinco (35) d\u00edas antes de la fecha el veinticinco por ciento (25%) del precio total, entre 34 y 21d\u00edas se retendr\u00e1 el treinta y cinco por ciento (35%),; entre veinte (20) y siete d\u00edas se retendr\u00e1 el cincuenta por ciento (50%), y entre los seis (6) d\u00edas y la fecha de salida se retendr\u00e1 el cien por ciento (100%) 4) Una vez iniciados los servicios, no se efectuar\u00e1 devoluci\u00f3n alguna por cancelaci\u00f3n total o parcial de los servicios contratados. G) <strong><u>RECLAMOS &#8211; REEMBOLSOS<\/u><\/strong>: 1) Los reclamos deber\u00e1n ser presentados dentro de los quince (15) d\u00edas de finalizado el viaje, con los respectivos comprobantes. Pasado este t\u00e9rmino no ser\u00e1 atendido reclamo alguno. En ning\u00fan caso, SENTIDOS (FLORENCIA DONNINI) costear\u00e1 los eventuales costos y\/o cargos y\/o impuestos y\/o grav\u00e1menes derivados de las transferencias bancarias o similares que se utilicen para realizar cualquier tipo de devoluci\u00f3n y\/o reembolso y\/o reintegro. 2) Cuando una vez iniciado el Tour, el abandono del mismo o no se utilicen servicios por voluntad del pasajero, no tendr\u00e1 derecho a reembolso alguno por tal cuesti\u00f3n H) <strong><u>RESPONSABILIDAD<\/u><\/strong>: 1) SENTIDOS (FLORENCIA DONNINI) declara expresamente que act\u00faa en car\u00e1cter de intermediaria en la reserva o contrataci\u00f3n de los distintos servicios incluidos en el tour: hoteles, restaurantes, medios de transportes, u otros prestadores. No obstante ello, las responsabilidades de SENTIDOS (FLORENCIA DONNINI), sea que intervenga como organizadora o intermediaria de viaje ser\u00e1 determinada conforme disposiciones contenidas en la Convenci\u00f3n Internacional Relativa al Contrato de Viaje aprobada por la Ley Nro 19.918. 2) SENTIDOS (FLORENCIA DONNINI) no se responsabiliza por los hechos que se produzcan por caso fortuito o fuerza mayor, fen\u00f3menos clim\u00e1ticos o hechos de la naturaleza que acontezcan antes o durante el desarrollo del tour que impidan, demoren o de cualquier modo obstaculicen la ejecuci\u00f3n total o parcial de las prestaciones comprendidas por SENTIDOS (FLORENCIA DONNINI), de conformidad con lo dispuesto por el C\u00f3digo Civil. 3) SENTIDOS (FLORENCIA DONNINI) no se responsabiliza por las alteraciones de horarios, postergaciones y\/o cancelaciones, las comodidades, equipos utilizados, etc. de las empresas transportadoras. 4) En ning\u00fan caso SENTIDOS (FLORENCIA DONNINI) responder\u00e1 frente a los Pasajeros por da\u00f1os indirectos o lucro cesante. I) <strong><u>ALTERACIONES O MODIFICACIONES<\/u><\/strong>: 1) SENTIDOS (FLORENCIA DONNINI) se reserva el derecho, por razones t\u00e9cnicas u operativas, de alterar total o parcialmente el ordenamiento diario y\/o servicios que componen el tour, antes o durante la ejecuci\u00f3n del mismo. 2) Salvo condici\u00f3n expresa en contrario los hoteles estipulados podr\u00e1n ser cambiados por otros de igual o mayor categor\u00eda dentro del mismo n\u00facleo urbano sin cargo alguno para el Pasajero. Respecto de estas variaciones el Pasajero no tendr\u00e1 derecho a indemnizaci\u00f3n alguna. 3) SENTIDOS (FLORENCIA DONNINI) podr\u00e1 anular cualquier tour cuando se configure alguna de las circunstancias previstas en el Art.24 del Decreto Nro 2182\/72. J) <strong><u>SEGURO DE ASISTENCIA AL VIAJERO<\/u><\/strong>: SENTIDOS (FLORENCIA DONNINI) ofrece y utiliza los servicios de asistencia al viajero con franquicia. K) <strong><u>POLITICA DE MENORES<\/u><\/strong>: Los ni\u00f1os de entre 1 y 2 a\u00f1os, alojados con dos o m\u00e1s adultos viajan sin servicios y sin cargo en las salidas con transportaci\u00f3n terrestre. Es decir que los gastos que ocasionen corren por cuenta de los adultos. No cuentan con butaca en el \u00f3mnibus, ni cama en la habitaci\u00f3n y no se incluye su alimentaci\u00f3n. Si el hotelero le brinda una cuna y se las arancela, deben abonarla, lo mismo con todo aquello que sea su comida. Si desean una butaca en la unidad de transportaci\u00f3n para el menor, consulte el valor de la misma. Los menores de entre 3 y 4 a\u00f1os, alojados como m\u00ednimo con dos adultos en la misma habitaci\u00f3n, abonan el 50% de la tarifa de los mayores. Tienen butaca en el \u00f3mnibus, la alimentaci\u00f3n incluida en la excursi\u00f3n y se le agrega una cama adicional a la habitaci\u00f3n doble, triple o cu\u00e1druple, seg\u00fan la cantidad de adultos en una misma habitaci\u00f3n. Se acepta solo un menor al 50% por habitaci\u00f3n. Menores de 5 a\u00f1os o m\u00e1s, ellos abonan el precio total del paquete. L) <strong><u>COMPETENCIA<\/u><\/strong>: a todos los efectos legales las partes convienen que se someter\u00e1n a la Jurisdicci\u00f3n de los Tribunales Ordinarios de la Ciudad Aut\u00f3noma de Buenos Aires, renunciando a cualquier otra jurisdicci\u00f3n. M) <strong><u>CONOCIMIENTO Y ACEPTACI\u00d3N DE CONDICIONES<\/u><\/strong>: Estas condiciones son entregadas por SENTIDOS (FLORENCIA DONNINI) Leg.14.732 al Pasajero al momento de realizar la reserva y\/o contrataci\u00f3n de los servicios El Pasajero declara conocer y aceptar las presentes condiciones generales de contrataci\u00f3n y dicha aceptaci\u00f3n queda ratificada por medio de su firma en dos (2) ejemplares de un mismo tenor y a un solo efecto. En la ciudad de \u2026\u2026\u2026\u2026\u2026\u2026\u2026\u2026\u2026\u2026 a los \u2026\u2026 d\u00edas del mes de \u2026\u2026\u2026\u2026.. de 20\u2026\u2026-<\/p><\/div>\n    <\/div>\n<\/div>\n<!-- \/module box -->\n        <\/div>\n                        <\/div>\n        <\/div>\n        <\/div>\n<!--\/themify_builder_content-->","protected":false},"excerpt":{"rendered":"","protected":false},"author":2,"featured_media":0,"parent":0,"menu_order":0,"comment_status":"closed","ping_status":"closed","template":"","meta":{"site-sidebar-layout":"default","site-content-layout":"default","ast-site-content-layout":"default","site-content-style":"default","site-sidebar-style":"default","ast-global-header-display":"","ast-banner-title-visibility":"","ast-main-header-display":"","ast-hfb-above-header-display":"","ast-hfb-below-header-display":"","ast-hfb-mobile-header-display":"","site-post-title":"","ast-breadcrumbs-content":"","ast-featured-img":"","footer-sml-layout":"","ast-disable-related-posts":"","theme-transparent-header-meta":"default","adv-header-id-meta":"","stick-header-meta":"","header-above-stick-meta":"","header-main-stick-meta":"","header-below-stick-meta":"","astra-migrate-meta-layouts":"default","ast-page-background-enabled":"default","ast-page-background-meta":{"desktop":{"background-color":"var(--ast-global-color-4)","background-image":"","background-repeat":"repeat","background-position":"center center","background-size":"auto","background-attachment":"scroll","background-type":"","background-media":"","overlay-type":"","overlay-color":"","overlay-opacity":"","overlay-gradient":""},"tablet":{"background-color":"","background-image":"","background-repeat":"repeat","background-position":"center center","background-size":"auto","background-attachment":"scroll","background-type":"","background-media":"","overlay-type":"","overlay-color":"","overlay-opacity":"","overlay-gradient":""},"mobile":{"background-color":"","background-image":"","background-repeat":"repeat","background-position":"center center","background-size":"auto","background-attachment":"scroll","background-type":"","background-media":"","overlay-type":"","overlay-color":"","overlay-opacity":"","overlay-gradient":""}},"ast-content-background-meta":{"desktop":{"background-color":"var(--ast-global-color-5)","background-image":"","background-repeat":"repeat","background-position":"center center","background-size":"auto","background-attachment":"scroll","background-type":"","background-media":"","overlay-type":"","overlay-color":"","overlay-opacity":"","overlay-gradient":""},"tablet":{"background-color":"var(--ast-global-color-5)","background-image":"","background-repeat":"repeat","background-position":"center center","background-size":"auto","background-attachment":"scroll","background-type":"","background-media":"","overlay-type":"","overlay-color":"","overlay-opacity":"","overlay-gradient":""},"mobile":{"background-color":"var(--ast-global-color-5)","background-image":"","background-repeat":"repeat","background-position":"center center","background-size":"auto","background-attachment":"scroll","background-type":"","background-media":"","overlay-type":"","overlay-color":"","overlay-opacity":"","overlay-gradient":""}},"footnotes":""},"class_list":["post-202","page","type-page","status-publish","hentry"],"builder_content":"<h3>CONDICIONES GENERALES DE CONTRATACI\u00d3N<\/h3> <p><u><b>CONDICIONES GENERALES DE CONTRATACI\u00d3N:<\/b><\/u><\/p> <p><strong><u>PAGOS<\/u><\/strong>: 1) El precio y\/o reservaci\u00f3n de los servicios que componen el tour quedan sujetos a modificaciones sin previo aviso cuando se produzca una alteraci\u00f3n en los servicios. 2) Todos los importes pagados antes de la confirmaci\u00f3n definitiva de los servicios, son percibidos en concepto de reserva. B<strong><u>) LOS PRECIOS INCLUYEN<\/u><\/strong>: Los servicios indicados en cada itinerario, de acuerdo al r\u00e9gimen de comidas detallados en ellos. Cuando el Pasajero solicitare el cambio de la habitaci\u00f3n asignada, por una de categor\u00eda superior, la diferencia de precio que corresponda ser\u00e1 abonada por \u00e9ste. Todas las habitaciones son de categor\u00eda standard, excepto se especifique lo contrario en la documentaci\u00f3n emitida. Para el caso de cualquier contrataci\u00f3n de excursiones que no fuesen convenidas ni se hallaren comprendidas en el tour contratado, las mismas son por cuenta y riesgo del Pasajero al momento de contratarlas, deslind\u00e1ndose SENTIDOS (FLORENCIA DONNINI) de toda responsabilidad vinculada a la contrataci\u00f3n y\/o prestaci\u00f3n de las mismas y\/o cualquier hecho que concurra durante su ejecuci\u00f3n)<\/p> <p><strong><u>SERVICIOS Y OTROS RUBROS NO INCLU\u00cdDOS<\/u><\/strong>: 1) Extras, bebidas, gastos de \u00edndole personal (lavado\/planchado de ropa, propinas, exceso de equipajes, comunicaciones, etc), entradas a museos, parques nacionales, visas, tasas de embarque o de aeropuerto, tasas sobre servicios, impuestos locales de Turismo, y otros impuestos actuales y\/o futuros (IVA, DNT), pasajes a\u00e9reos, ni ning\u00fan servicio que no se encuentre expresamente indicado en la orden de servicio emitida por el agente de viajes. 2) Estad\u00edas, comidas y\/o gastos adicionales o perjuicios producidos por cancelaciones, anulaciones, demoras en las salidas o llegadas de los medios de transportes o por razones imprevistas ajenas a SENTIDOS (FLORENCIA DONNINI), siendo los gastos que se originen a cargo de los se\u00f1ores clientes; 3) Alimentaci\u00f3n en ruta. 4) Los gastos e intereses en operaciones a cr\u00e9dito y\/o tarjetas de pago. 5) Cualquier otro gasto que deba realizar el Pasajero, derivado de caso fortuito o fuerza mayor, correr\u00e1 por cuenta de \u00e9ste, sin derecho a reembolso o compensaci\u00f3n alguna. D) <strong><u>LIMITACIONES AL DERECHO DE PERMANENCIA<\/u><\/strong>: SENTIDOS (FLORENCIA DONNINI) se reserva el derecho de exclusi\u00f3n. E) <strong><u>DOCUMENTACI\u00d3N<\/u><\/strong>: Para viajes al exterior, los Pasajeros deber\u00e1n cumplimentar con la documentaci\u00f3n requerida por la legislaci\u00f3n vigente en cada caso. Se deja asentado que SENTIDOS (FLORENCIA DONNINI) ha informado al Pasajero, todo lo referente a la documentaci\u00f3n y visado necesario para el viaje que ha adquirido, y sobre las exigencias de las autoridades migratorias, aduaneras, sanitarias de los destinos que incluye el tour contratado. Siendo responsabilidad de cada Pasajero el contar con la documentaci\u00f3n necesaria y dem\u00e1s requisitos de visado y\/o de acceso al pa\u00eds de destino, SENTIDOS (FLORENCIA DONNINI) no se responsabiliza por la documentaci\u00f3n personal que faltare o por rechazo de la visa por cualquier motivo, ni por su estado o vigencia en el momento que fuera requerida por las autoridades de Migraciones intervinientes, obtenci\u00f3n de visados, etc., como asimismo tampoco lo es por las p\u00e9rdidas y\/o perjuicios que esta situaci\u00f3n le pudiese ocasionar. Se le informa que en caso que el Pasajero no pudiera viajar por estas razones, perder\u00e1 el total de los servicios contratados, sin derecho a reclamo alguno; lo mismo en caso que las autoridades de cualquier pa\u00eds rehusaren permitir la entrada del Pasajero. F) <strong><u>RESERVAS Y CANCELACIONES<\/u><\/strong>: Las reservas pueden ser canalizadas con el pago de la se\u00f1a correspondiente. 1) En caso de desistimiento de operaciones a cr\u00e9dito no tendr\u00e1n reembolso los importes en concepto de informes, gastos administrativos, sellados e intereses. 2) Cuando se trate de desistimiento que afecte a servicios contratados en firme por SENTIDOS (FLORENCIA DONNINI), el reembolso de los mismos estar\u00e1 sujeto a las condiciones contractuales bajo las cuales presten sus servicios las empresas respectivas (hoteles, transportes, etc.). 3) En todos los casos de reintegros, si correspondiere SENTIDOS (FLORENCIA DONNINI) podr\u00e1 retener en caso de cancelaci\u00f3n de los servicios contratados hasta treinta y cinco (35) d\u00edas antes de la fecha el veinticinco por ciento (25%) del precio total, entre 34 y 21d\u00edas se retendr\u00e1 el treinta y cinco por ciento (35%),; entre veinte (20) y siete d\u00edas se retendr\u00e1 el cincuenta por ciento (50%), y entre los seis (6) d\u00edas y la fecha de salida se retendr\u00e1 el cien por ciento (100%) 4) Una vez iniciados los servicios, no se efectuar\u00e1 devoluci\u00f3n alguna por cancelaci\u00f3n total o parcial de los servicios contratados. G) <strong><u>RECLAMOS - REEMBOLSOS<\/u><\/strong>: 1) Los reclamos deber\u00e1n ser presentados dentro de los quince (15) d\u00edas de finalizado el viaje, con los respectivos comprobantes. Pasado este t\u00e9rmino no ser\u00e1 atendido reclamo alguno. En ning\u00fan caso, SENTIDOS (FLORENCIA DONNINI) costear\u00e1 los eventuales costos y\/o cargos y\/o impuestos y\/o grav\u00e1menes derivados de las transferencias bancarias o similares que se utilicen para realizar cualquier tipo de devoluci\u00f3n y\/o reembolso y\/o reintegro. 2) Cuando una vez iniciado el Tour, el abandono del mismo o no se utilicen servicios por voluntad del pasajero, no tendr\u00e1 derecho a reembolso alguno por tal cuesti\u00f3n H) <strong><u>RESPONSABILIDAD<\/u><\/strong>: 1) SENTIDOS (FLORENCIA DONNINI) declara expresamente que act\u00faa en car\u00e1cter de intermediaria en la reserva o contrataci\u00f3n de los distintos servicios incluidos en el tour: hoteles, restaurantes, medios de transportes, u otros prestadores. No obstante ello, las responsabilidades de SENTIDOS (FLORENCIA DONNINI), sea que intervenga como organizadora o intermediaria de viaje ser\u00e1 determinada conforme disposiciones contenidas en la Convenci\u00f3n Internacional Relativa al Contrato de Viaje aprobada por la Ley Nro 19.918. 2) SENTIDOS (FLORENCIA DONNINI) no se responsabiliza por los hechos que se produzcan por caso fortuito o fuerza mayor, fen\u00f3menos clim\u00e1ticos o hechos de la naturaleza que acontezcan antes o durante el desarrollo del tour que impidan, demoren o de cualquier modo obstaculicen la ejecuci\u00f3n total o parcial de las prestaciones comprendidas por SENTIDOS (FLORENCIA DONNINI), de conformidad con lo dispuesto por el C\u00f3digo Civil. 3) SENTIDOS (FLORENCIA DONNINI) no se responsabiliza por las alteraciones de horarios, postergaciones y\/o cancelaciones, las comodidades, equipos utilizados, etc. de las empresas transportadoras. 4) En ning\u00fan caso SENTIDOS (FLORENCIA DONNINI) responder\u00e1 frente a los Pasajeros por da\u00f1os indirectos o lucro cesante. I) <strong><u>ALTERACIONES O MODIFICACIONES<\/u><\/strong>: 1) SENTIDOS (FLORENCIA DONNINI) se reserva el derecho, por razones t\u00e9cnicas u operativas, de alterar total o parcialmente el ordenamiento diario y\/o servicios que componen el tour, antes o durante la ejecuci\u00f3n del mismo. 2) Salvo condici\u00f3n expresa en contrario los hoteles estipulados podr\u00e1n ser cambiados por otros de igual o mayor categor\u00eda dentro del mismo n\u00facleo urbano sin cargo alguno para el Pasajero. Respecto de estas variaciones el Pasajero no tendr\u00e1 derecho a indemnizaci\u00f3n alguna. 3) SENTIDOS (FLORENCIA DONNINI) podr\u00e1 anular cualquier tour cuando se configure alguna de las circunstancias previstas en el Art.24 del Decreto Nro 2182\/72. J) <strong><u>SEGURO DE ASISTENCIA AL VIAJERO<\/u><\/strong>: SENTIDOS (FLORENCIA DONNINI) ofrece y utiliza los servicios de asistencia al viajero con franquicia. K) <strong><u>POLITICA DE MENORES<\/u><\/strong>: Los ni\u00f1os de entre 1 y 2 a\u00f1os, alojados con dos o m\u00e1s adultos viajan sin servicios y sin cargo en las salidas con transportaci\u00f3n terrestre. Es decir que los gastos que ocasionen corren por cuenta de los adultos. No cuentan con butaca en el \u00f3mnibus, ni cama en la habitaci\u00f3n y no se incluye su alimentaci\u00f3n. Si el hotelero le brinda una cuna y se las arancela, deben abonarla, lo mismo con todo aquello que sea su comida. Si desean una butaca en la unidad de transportaci\u00f3n para el menor, consulte el valor de la misma. Los menores de entre 3 y 4 a\u00f1os, alojados como m\u00ednimo con dos adultos en la misma habitaci\u00f3n, abonan el 50% de la tarifa de los mayores. Tienen butaca en el \u00f3mnibus, la alimentaci\u00f3n incluida en la excursi\u00f3n y se le agrega una cama adicional a la habitaci\u00f3n doble, triple o cu\u00e1druple, seg\u00fan la cantidad de adultos en una misma habitaci\u00f3n. Se acepta solo un menor al 50% por habitaci\u00f3n. Menores de 5 a\u00f1os o m\u00e1s, ellos abonan el precio total del paquete. L) <strong><u>COMPETENCIA<\/u><\/strong>: a todos los efectos legales las partes convienen que se someter\u00e1n a la Jurisdicci\u00f3n de los Tribunales Ordinarios de la Ciudad Aut\u00f3noma de Buenos Aires, renunciando a cualquier otra jurisdicci\u00f3n. M) <strong><u>CONOCIMIENTO Y ACEPTACI\u00d3N DE CONDICIONES<\/u><\/strong>: Estas condiciones son entregadas por SENTIDOS (FLORENCIA DONNINI) Leg.14.732 al Pasajero al momento de realizar la reserva y\/o contrataci\u00f3n de los servicios El Pasajero declara conocer y aceptar las presentes condiciones generales de contrataci\u00f3n y dicha aceptaci\u00f3n queda ratificada por medio de su firma en dos (2) ejemplares de un mismo tenor y a un solo efecto. En la ciudad de \u2026\u2026\u2026\u2026\u2026\u2026\u2026\u2026\u2026\u2026 a los \u2026\u2026 d\u00edas del mes de \u2026\u2026\u2026\u2026.. de 20\u2026\u2026-<\/p>","_links":{"self":[{"href":"https:\/\/turismosentidos.com.ar\/web\/wp-json\/wp\/v2\/pages\/202","targetHints":{"allow":["GET"]}}],"collection":[{"href":"https:\/\/turismosentidos.com.ar\/web\/wp-json\/wp\/v2\/pages"}],"about":[{"href":"https:\/\/turismosentidos.com.ar\/web\/wp-json\/wp\/v2\/types\/page"}],"author":[{"embeddable":true,"href":"https:\/\/turismosentidos.com.ar\/web\/wp-json\/wp\/v2\/users\/2"}],"replies":[{"embeddable":true,"href":"https:\/\/turismosentidos.com.ar\/web\/wp-json\/wp\/v2\/comments?post=202"}],"version-history":[{"count":6,"href":"https:\/\/turismosentidos.com.ar\/web\/wp-json\/wp\/v2\/pages\/202\/revisions"}],"predecessor-version":[{"id":1118,"href":"https:\/\/turismosentidos.com.ar\/web\/wp-json\/wp\/v2\/pages\/202\/revisions\/1118"}],"wp:attachment":[{"href":"https:\/\/turismosentidos.com.ar\/web\/wp-json\/wp\/v2\/media?parent=202"}],"curies":[{"name":"wp","href":"https:\/\/api.w.org\/{rel}","templated":true}]}}